3 + 2*a**2 - 6*a + 9. Let v be g(-4). Let o(m) = -25*m + 4. Let s(d) = -24*d + 5. Let b(y) = -4*o(y) + 3*s(y). What is the units digit of b(v)?
7
What is the thousands digit of (-10582)/(-7) - 28/(-98)?
1
Let l = -29 + 59. Suppose -l = -4*r + 5*h + 52, 3*r + 5*h = 44. What is the tens digit of r?
1
Let v(z) = z**3 - 9*z**2 + 6*z + 14. Let g be v(8). Let x(b) = -23*b - 7. What is the tens digit of x(g)?
3
Let a be -3 + 0 - (-1 - 2). Suppose -3*r - 113 = 4*l - 8*r, a = -l - r - 26. Let c = -20 - l. What is the units digit of c?
7
Let f be 25143/136 - (-1)/8. Suppose -5*c + 0*c + f = 0. What is the tens digit of c?
3
Let r = -71 - 145. What is the tens digit of r/(-9)*16/(3 - 1)?
9
Let a(q) be the second derivative of q**5/15 - 5*q**4/24 + q**3/6 - 3*q**2 - 4*q. Let h(g) be the first derivative of a(g). What is the units digit of h(4)?
5
Let t(k) be the second derivative of k**4/4 + 7*k**3/6 + 9*k**2/2 + 14*k. Suppose -2*i + 0*c = c + 5, -i - 3*c = -5. What is the tens digit of t(i)?
2
Let v(n) = n**2 + 2*n - 15. Suppose -5*b + 0*b = p + 36, 2*b + 2*p = -8. What is the tens digit of v(b)?
3
Suppose -3*r - 4*u = -23 + 3, 3*u - 14 = -2*r. Suppose -3*p + r*n = -p - 60, -2*p + 36 = 4*n. Let y = 56 - p. What is the tens digit of y?
3
Let j = -1012 - -2205. What is the hundreds digit of j?
1
Suppose -2 = 4*c + 6. What is the units digit of (8 - 2)*11 - c?
8
What is the hundreds digit of (14310/(-105))/(2/(-21))?
4
Let c(s) = 13*s**3 + s + 2. Let z be c(-1). What is the units digit of (-1)/(z/586) - 5/(-30)?
9
Suppose 0*t + t - 94 = 0. Let j be ((-44)/(-12))/(2/42). Suppose -5*k + a + j = -k, -5*k + t = a. What is the units digit of k?
9
Let b be -2*1*(-4)/(-8). Let m(t) = -101*t - 1. Let g be m(b). What is the units digit of g/12*(6 + -3)?
5
Suppose 31*a - 37*a = -1632. What is the hundreds digit of a?
2
Let a = 10 + -9. Let x = a + 1. Let v(n) = 7*n**2 - 2*n - 1. What is the tens digit of v(x)?
2
Let r = -2518 + 3603. What is the hundreds digit of r?
0
Let u(s) = s**3 - 13*s**2 - 24*s + 19. What is the units digit of u(17)?
7
Suppose 4*j + s = -2*s + 27, 2*j - 2*s = 10. Let o(i) = -i + j + i**3 - 4 - 4*i**2 + 15*i**2. What is the tens digit of o(-11)?
1
What is the tens digit of (-588)/5*(-600)/240?
9
What is the thousands digit of (-5 + -6 + 0)*(-192 - -2)?
2
Suppose 51 = y - 50. Let h = -24 + 28. Suppose -h*m = -4*n - 104, 5*m - n - y = 49. What is the tens digit of m?
3
Suppose 5*u - 13750 = 5*o, 5*u + 3*o + 4311 = 18093. What is the tens digit of u?
5
Suppose 24 = 3*q + 2*t, -24 = -3*q + t + t. Let c(g) = 10*g + 14. What is the units digit of c(q)?
4
Let x = 30 - 25. Suppose 0*w = -x*w + 85. What is the tens digit of w?
1
Let k(v) = -v**3 + 6*v**2 + 3*v - 6. Let y be k(6). Let c be (-3)/(-9) + 308/y. Let i = c - 17. What is the units digit of i?
9
Let b = -688 + 1307. What is the hundreds digit of b?
6
Let o(m) = 2*m**2 + 17*m + 43. Let j be o(-16). Suppose f + u - 281 - 22 = 0, f - j = 3*u. What is the hundreds digit of f?
2
Let l(k) be the first derivative of k**5/60 - k**4/6 + 11*k**3/6 - k**2 + 13. Let q(g) be the second derivative of l(g). What is the tens digit of q(8)?
4
Let s(z) = -33*z**2 + 6*z + 6. Let w(m) = 32*m**2 - 6*m - 5. Let f(r) = 6*s(r) + 7*w(r). What is the tens digit of f(2)?
9
Let i be 3*((-16)/12)/2. Suppose 0 = -2*m - m + 300. What is the tens digit of (-9)/i*m/15?
3
What is the units digit of (589/155)/(4/3340)?
3
What is the units digit of (-6)/4*(-5)/(270/133416)?
6
Let l(o) = -2*o**3 - 4*o**2 + 4*o - 3. Suppose 3*m - 4*s = -24, -m + 3*s - 14 = -1. Let c be l(m). Let g = c - 12. What is the tens digit of g?
3
Let n = -2309 - -3532. What is the thousands digit of n?
1
Suppose 0 + 10 = 5*c. Let k be 2/(4 - c)*1. What is the units digit of (-700)/(-42) - k/(-3)?
7
Suppose 31 = 3*q + 4*w, -4*q + 4*w = -q + 1. Suppose -3*y + q*y - 5*x = 434, 0 = 3*y + 4*x - 605. What is the tens digit of y?
0
Let f(o) = o - 2. Let p be f(7). Let g = -25 + 77. Suppose -5*t = -3*k + g, -68 = -k - k - p*t. What is the tens digit of k?
2
Let k = 156 - 149. What is the units digit of k?
7
What is the hundreds digit of 150 + (-26 + -7)/3 + 7?
1
Suppose 4*k + 94 = -2*l + 6, -l = 3*k + 65. What is the units digit of (-6)/k + (-220)/(-14)?
6
Let d = 131 + -63. Let l = d - 4. What is the tens digit of (-30)/(-20)*l/6?
1
Let v = 1099 + -778. Suppose -5*w = 51 - v. What is the tens digit of w?
5
Suppose -4*s - 1 = 3*t - 22, 4*t - s - 9 = 0. Suppose -t*h + 104 = -115. What is the tens digit of h?
7
Suppose -60*b = -67*b + 2898. What is the tens digit of b?
1
Suppose 6*a - 2308 = a - k, -4*a + 1846 = k. Suppose -y + 114 = -5*v - 123, -2*v + a = 2*y. What is the hundreds digit of y?
2
What is the tens digit of -3*(-133)/(-42)*(-81 - 1)?
7
Suppose -4 = 5*b + 6, -80 = -2*s - 5*b. Suppose 7*m - 123 = s. What is the units digit of m?
4
Let q(x) = 9*x**2 - 43*x + 311. What is the hundreds digit of q(11)?
9
Let a be 2/5 - (-56)/35. Let d be a/(-8) - (-45)/(-12). Let y(c) = -c**3 - 2*c**2 + c - 5. What is the tens digit of y(d)?
2
Suppose -2*s + 16 = t, -5*s + s - 5*t + 44 = 0. What is the tens digit of (442/(-6))/(1*(-2)/s)?
2
Suppose -2*l + 0 + 4 = 0. Suppose l*o - 6 = 5*s + 4, 3*o - 15 = s. Let g = 25 - s. What is the tens digit of g?
2
Suppose 5*u + 5 = 0, 8*q - 24 = 3*q + 4*u. Suppose 239 = 5*l - 4*a, -2*l + 89 + 29 = q*a. What is the tens digit of l?
5
Let n = -267 - -328. What is the tens digit of n?
6
Let d(v) be the third derivative of v**6/120 + v**5/10 - 11*v**4/24 - 4*v**3/3 - 15*v**2. What is the tens digit of d(-6)?
5
Let g(d) = 18*d + 9. Let y be g(3). Let v = -2 + y. What is the units digit of v?
1
Let g be 7 - 3 - (-3 + 4). Let u be g/(-2)*(-4)/3. Suppose -3*t + k = -8, 3*t = -u*t + 4*k + 11. What is the units digit of t?
3
Let o(s) = -2854*s + 52. Let q be o(9). What is the units digit of (-4)/30 - q/105?
4
Let m(l) = 8*l - 29. Let z be m(4). Suppose 5*x - 111 = -3*y + 37, 0 = z*y - 2*x - 155. What is the tens digit of y?
5
What is the hundreds digit of 1*(-1788)/(-6)*4?
1
Let f(g) = g**2 - 2. Let h be f(-3). Suppose v + h = 2*v. Let u = v + -2. What is the units digit of u?
5
Let w(t) = -2*t**3 - 12*t**2 + 4*t + 46. What is the thousands digit of w(-13)?
2
Suppose d - 4 = -5*s, d - 6 + 2 = -3*s. Suppose v = -3*q - d*v + 174, 0 = -2*q - 2*v + 116. What is the units digit of q?
8
Let p = 11 - 9. Let u = 3 - -1. What is the units digit of 26/4*p + u?
7
Let u = 20 - 15. Suppose 0 = -2*b - u*n - 92, 3*n + 150 = -5*b - 80. Let a = b - -88. What is the units digit of a?
2
Suppose 0 = 6*f - 775 - 1835. What is the tens digit of f?
3
Let f = 4 - -11. Let w = 73 - f. Let p = 107 - w. What is the tens digit of p?
4
Suppose 6*k = -61*k + 271149. What is the tens digit of k?
4
Let q(u) = -51*u**3 + 3*u**2 - u - 1. What is the tens digit of q(-1)?
5
Suppose 7 - 27 = -3*d - 4*k, -4*d + 5 = k. Suppose d = 3*g - 257 - 55. What is the hundreds digit of g?
1
Suppose -3*f + 7*f = 16. Suppose -5*b + 19 = f*r - 12, -7 = -4*r + 3*b. What is the tens digit of (112/(-12))/(r/(-24))?
5
Suppose -3*h + 3*a + 1471 = -50, -a = -5*h + 2519. Suppose -202 = -5*u + h. What is the hundreds digit of u?
1
Suppose 0 = 2*f - 2*y + 20, -4*f + 3*y = -2*f + 24. What is the units digit of (3/12)/(f/8)*-15?
5
Let y(z) = 4 - 3*z + 0*z + z. Let a be y(4). What is the units digit of (a/10)/((-1)/45)?
8
Let b(i) be the first derivative of i**4/4 + 2*i**3 + 3*i + 5. Let r be b(-6). Suppose -r*g = 42 - 159. What is the units digit of g?
9
Suppose 5*p - 11*r - 4731 = -7*r, -3764 = -4*p - 2*r. What is the tens digit of p?
4
Let b be ((-6)/7)/(4/(-14)). Suppose b*i - 168 = -i. Let v = -26 + i. What is the tens digit of v?
1
Let g be (-1 - (4 - 6)) + 2. Suppose -4*c = -4*i - 220, g*i + 3 + 6 = 0. What is the tens digit of c?
5
What is the tens digit of (-3573)/(-15)*(4 + 1)?
9
Suppose -4*t + t = -3. Suppose 0 = -4*g + 2*g + 2. What is the units digit of (t + -2)/g*-2?
2
Let y(a) = 0 - 4 + 7 - 8*a - 1. What is the units digit of y(-6)?
0
Let f(u) = u**3 + u**2 - u. Let d be f(1). Let y = 5 - d. What is the units digit of (-1 - (y - 9))*1?
4
Let c = 416 + -281. What is the tens digit of c?
3
What is the hundreds digit of 347438/230 - (-6)/(-10)?
5
Let w be (-1)/(((-6)/(-442))/(-3)). Let r = w + 